{"id":2758,"date":"2023-10-18T08:15:28","date_gmt":"2023-10-18T08:15:28","guid":{"rendered":"http:\/\/www.karmeloswiecim.opw.pl\/?page_id=2758"},"modified":"2023-10-18T08:15:28","modified_gmt":"2023-10-18T08:15:28","slug":"sw-teresa-od-dzieciatka-jezus-i-najswietszego-oblicza","status":"publish","type":"page","link":"https:\/\/www.karmeloswiecim.opw.pl\/?page_id=2758","title":{"rendered":"\u015bw. Teresa od Dzieci\u0105tka Jezus i Naj\u015bwi\u0119tszego Oblicza"},"content":{"rendered":"\n<h2 class=\"has-text-align-center\">Nowenna 22 &#8211; 30. 09<\/h2>\n\n\n\n<p class=\"has-text-align-center\"><a href=\"http:\/\/www.karmeloswiecim.opw.pl\/?p=2202(otworzy si\u0119 w nowej karcie)\">Dzie\u0144 pierwszy<\/a><br><a href=\"http:\/\/www.karmeloswiecim.opw.pl\/?p=2235(otworzy si\u0119 w nowej karcie)\">Dzie\u0144 drugi<\/a><br><a href=\"http:\/\/www.karmeloswiecim.opw.pl\/?p=2246\">Dzie\u0144 trzeci<\/a><br><a href=\"http:\/\/www.karmeloswiecim.opw.pl\/?p=2289\">Dzie\u0144 czwarty<\/a><br><a href=\"http:\/\/www.karmeloswiecim.opw.pl\/?p=2318(otworzy si\u0119 w nowej karcie)\">Dzie\u0144 pi\u0105ty<\/a><br><a href=\"http:\/\/www.karmeloswiecim.opw.pl\/?p=2324(otworzy si\u0119 w nowej karcie)\">Dzie\u0144 sz\u00f3sty<\/a><br><a href=\"http:\/\/www.karmeloswiecim.opw.pl\/?p=2327\">Dzie\u0144 si\u00f3dmy<\/a><br><a href=\"http:\/\/www.karmeloswiecim.opw.pl\/?p=2334(otworzy si\u0119 w nowej karcie)\">Dzie\u0144 \u00f3smy<\/a><br><a href=\"http:\/\/www.karmeloswiecim.opw.pl\/?p=2340(otworzy si\u0119 w nowej karcie)\">Dzie\u0144 dziewi\u0105ty<\/a><\/p>\n\n\n\n<figure class=\"wp-block-embed is-type-video is-provider-youtube wp-block-embed-youtube wp-embed-aspect-16-9 wp-has-aspect-ratio\"><div class=\"wp-block-embed__wrapper\">\n<iframe loading=\"lazy\" title=\"WIERSZ TERESKI\" width=\"525\" height=\"295\" src=\"https:\/\/www.youtube.com\/embed\/-BO9jnOkSeM?feature=oembed\" frameborder=\"0\" allow=\"accelerometer; autoplay; clipboard-write; encrypted-media; gyroscope; picture-in-picture; web-share\" allowfullscreen><\/iframe>\n<\/div><\/figure>\n","protected":false},"excerpt":{"rendered":"<p>Nowenna 22 &#8211; 30. 09 Dzie\u0144 pierwszyDzie\u0144 drugiDzie\u0144 trzeciDzie\u0144 czwartyDzie\u0144 pi\u0105tyDzie\u0144 sz\u00f3styDzie\u0144 si\u00f3dmyDzie\u0144 \u00f3smyDzie\u0144 dziewi\u0105ty<\/p>\n","protected":false},"author":3,"featured_media":0,"parent":0,"menu_order":0,"comment_status":"closed","ping_status":"closed","template":"","meta":[],"_links":{"self":[{"href":"https:\/\/www.karmeloswiecim.opw.pl\/index.php?rest_route=\/wp\/v2\/pages\/2758"}],"collection":[{"href":"https:\/\/www.karmeloswiecim.opw.pl\/index.php?rest_route=\/wp\/v2\/pages"}],"about":[{"href":"https:\/\/www.karmeloswiecim.opw.pl\/index.php?rest_route=\/wp\/v2\/types\/page"}],"author":[{"embeddable":true,"href":"https:\/\/www.karmeloswiecim.opw.pl\/index.php?rest_route=\/wp\/v2\/users\/3"}],"replies":[{"embeddable":true,"href":"https:\/\/www.karmeloswiecim.opw.pl\/index.php?rest_route=%2Fwp%2Fv2%2Fcomments&post=2758"}],"version-history":[{"count":2,"href":"https:\/\/www.karmeloswiecim.opw.pl\/index.php?rest_route=\/wp\/v2\/pages\/2758\/revisions"}],"predecessor-version":[{"id":2820,"href":"https:\/\/www.karmeloswiecim.opw.pl\/index.php?rest_route=\/wp\/v2\/pages\/2758\/revisions\/2820"}],"wp:attachment":[{"href":"https:\/\/www.karmeloswiecim.opw.pl\/index.php?rest_route=%2Fwp%2Fv2%2Fmedia&parent=2758"}],"curies":[{"name":"wp","href":"https:\/\/api.w.org\/{rel}","templated":true}]}}