{"id":129,"date":"2011-04-25T19:44:08","date_gmt":"2011-04-25T19:44:08","guid":{"rendered":"http:\/\/www.karmeloswiecim.opw.pl\/?page_id=129"},"modified":"2022-02-23T17:58:15","modified_gmt":"2022-02-23T17:58:15","slug":"w-pieknie-przyrody","status":"publish","type":"page","link":"https:\/\/www.karmeloswiecim.opw.pl\/?page_id=129","title":{"rendered":"W pi\u0119knie przyrody"},"content":{"rendered":"<p lang=\"zxx\" align=\"center\"><span style=\"color: #333333;\"><span style=\"font-family: Gabriola, fantasy;\"><span style=\"font-size: x-large;\">&#8222;Zagaje i puszcze R\u0119kami mego Oblubie\u0144ca zasadzone, o \u0142\u0105ki pe\u0142ne zieleni, kwiatami ozdobione, Powiedzcie , czy przeszed\u0142 w\u015br\u00f3d was, w kt\u00f3r\u0105 stron\u0119?<\/span><\/span><\/span><\/p>\n<p lang=\"zxx\" align=\"center\"><span style=\"color: #333333;\"><span style=\"font-family: Gabriola, fantasy;\"><span style=\"font-size: x-large;\">Rzucaj\u0105c wdzi\u0119k\u00f3w tysi\u0105ce przebiegn\u0105\u0142 szybko wskro\u015b boru cichego A jedno tylko spojrzenie i blask Jego postaci okry\u0142 je szat\u0105 pi\u0119kna czarownego?&#8221;<\/span><\/span><\/span><\/p>\n<p lang=\"zxx\" align=\"center\"><span style=\"color: #333333;\"><span style=\"font-family: Gabriola, fantasy;\"><span style=\"font-size: x-large;\">\u015aw. Jan od Krzy\u017ca Pie\u015b\u0144 duchowa 4,5<\/span><\/span><\/span><\/p>\n\n\n<ul class=\"wp-container-2 wp-block-gallery-1 wp-block-gallery columns-3 is-cropped\"><li class=\"blocks-gallery-item\"><figure><a href=\"http:\/\/www.karmeloswiecim.opw.pl\/wp-content\/uploads\/2020\/09\/inny1..jpg\"><img loading=\"lazy\" width=\"613\" height=\"492\" src=\"http:\/\/www.karmeloswiecim.opw.pl\/wp-content\/uploads\/2020\/09\/inny1..jpg\" alt=\"\" data-id=\"2262\" data-link=\"http:\/\/www.karmeloswiecim.opw.pl\/?attachment_id=2262\" class=\"wp-image-2262\"\/><\/a><\/figure><\/li><li class=\"blocks-gallery-item\"><figure><a href=\"http:\/\/www.karmeloswiecim.opw.pl\/wp-content\/uploads\/2019\/07\/rek-078-683x1024.jpg\"><img loading=\"lazy\" width=\"683\" height=\"1024\" src=\"http:\/\/www.karmeloswiecim.opw.pl\/wp-content\/uploads\/2019\/07\/rek-078-683x1024.jpg\" alt=\"\" data-id=\"1830\" data-link=\"http:\/\/www.karmeloswiecim.opw.pl\/?attachment_id=1830\" class=\"wp-image-1830\" srcset=\"https:\/\/www.karmeloswiecim.opw.pl\/wp-content\/uploads\/2019\/07\/rek-078-683x1024.jpg 683w, https:\/\/www.karmeloswiecim.opw.pl\/wp-content\/uploads\/2019\/07\/rek-078-200x300.jpg 200w, https:\/\/www.karmeloswiecim.opw.pl\/wp-content\/uploads\/2019\/07\/rek-078-768x1152.jpg 768w, https:\/\/www.karmeloswiecim.opw.pl\/wp-content\/uploads\/2019\/07\/rek-078.jpg 1888w\" sizes=\"(max-width: 683px) 100vw, 683px\" \/><\/a><\/figure><\/li><li class=\"blocks-gallery-item\"><figure><a href=\"http:\/\/www.karmeloswiecim.opw.pl\/wp-content\/uploads\/2019\/07\/ogrod6s.jpg\"><img loading=\"lazy\" width=\"544\" height=\"408\" src=\"http:\/\/www.karmeloswiecim.opw.pl\/wp-content\/uploads\/2019\/07\/ogrod6s.jpg\" alt=\"\" data-id=\"1949\" data-link=\"http:\/\/www.karmeloswiecim.opw.pl\/?attachment_id=1949\" class=\"wp-image-1949\" srcset=\"https:\/\/www.karmeloswiecim.opw.pl\/wp-content\/uploads\/2019\/07\/ogrod6s.jpg 544w, https:\/\/www.karmeloswiecim.opw.pl\/wp-content\/uploads\/2019\/07\/ogrod6s-300x225.jpg 300w\" sizes=\"(max-width: 544px) 100vw, 544px\" \/><\/a><\/figure><\/li><li class=\"blocks-gallery-item\"><figure><a href=\"http:\/\/www.karmeloswiecim.opw.pl\/wp-content\/uploads\/2020\/09\/inny5..jpg\"><img loading=\"lazy\" width=\"1071\" height=\"651\" src=\"http:\/\/www.karmeloswiecim.opw.pl\/wp-content\/uploads\/2020\/09\/inny5..jpg\" alt=\"\" data-id=\"2294\" data-link=\"http:\/\/www.karmeloswiecim.opw.pl\/?attachment_id=2294\" class=\"wp-image-2294\" srcset=\"https:\/\/www.karmeloswiecim.opw.pl\/wp-content\/uploads\/2020\/09\/inny5..jpg 1071w, https:\/\/www.karmeloswiecim.opw.pl\/wp-content\/uploads\/2020\/09\/inny5.-768x467.jpg 768w\" sizes=\"(max-width: 706px) 89vw, (max-width: 767px) 82vw, 740px\" \/><\/a><\/figure><\/li><li class=\"blocks-gallery-item\"><figure><a href=\"http:\/\/www.karmeloswiecim.opw.pl\/wp-content\/uploads\/2019\/07\/ogr\u00f3d8s.jpg\"><img loading=\"lazy\" width=\"544\" height=\"408\" src=\"http:\/\/www.karmeloswiecim.opw.pl\/wp-content\/uploads\/2019\/07\/ogr\u00f3d8s.jpg\" alt=\"\" data-id=\"1960\" data-link=\"http:\/\/www.karmeloswiecim.opw.pl\/?attachment_id=1960\" class=\"wp-image-1960\" srcset=\"https:\/\/www.karmeloswiecim.opw.pl\/wp-content\/uploads\/2019\/07\/ogr\u00f3d8s.jpg 544w, https:\/\/www.karmeloswiecim.opw.pl\/wp-content\/uploads\/2019\/07\/ogr\u00f3d8s-300x225.jpg 300w\" sizes=\"(max-width: 544px) 100vw, 544px\" \/><\/a><\/figure><\/li><li class=\"blocks-gallery-item\"><figure><a href=\"http:\/\/www.karmeloswiecim.opw.pl\/wp-content\/uploads\/2020\/09\/101_0310-e1599673401352-1024x604.jpg\"><img src=\"http:\/\/www.karmeloswiecim.opw.pl\/wp-content\/uploads\/2020\/09\/101_0310-e1599673401352-1024x604.jpg\" alt=\"\" data-id=\"2181\" data-link=\"http:\/\/www.karmeloswiecim.opw.pl\/?attachment_id=2181\" class=\"wp-image-2181\"\/><\/a><\/figure><\/li><li class=\"blocks-gallery-item\"><figure><a href=\"http:\/\/www.karmeloswiecim.opw.pl\/wp-content\/uploads\/2019\/07\/STA_9891s.jpg\"><img loading=\"lazy\" width=\"544\" height=\"408\" src=\"http:\/\/www.karmeloswiecim.opw.pl\/wp-content\/uploads\/2019\/07\/STA_9891s.jpg\" alt=\"\" data-id=\"1968\" data-link=\"http:\/\/www.karmeloswiecim.opw.pl\/?attachment_id=1968\" class=\"wp-image-1968\" srcset=\"https:\/\/www.karmeloswiecim.opw.pl\/wp-content\/uploads\/2019\/07\/STA_9891s.jpg 544w, https:\/\/www.karmeloswiecim.opw.pl\/wp-content\/uploads\/2019\/07\/STA_9891s-300x225.jpg 300w\" sizes=\"(max-width: 544px) 100vw, 544px\" \/><\/a><\/figure><\/li><li class=\"blocks-gallery-item\"><figure><a href=\"http:\/\/www.karmeloswiecim.opw.pl\/wp-content\/uploads\/2020\/09\/inny2..jpg\"><img loading=\"lazy\" width=\"953\" height=\"672\" src=\"http:\/\/www.karmeloswiecim.opw.pl\/wp-content\/uploads\/2020\/09\/inny2..jpg\" alt=\"\" data-id=\"2263\" data-link=\"http:\/\/www.karmeloswiecim.opw.pl\/?attachment_id=2263\" class=\"wp-image-2263\" srcset=\"https:\/\/www.karmeloswiecim.opw.pl\/wp-content\/uploads\/2020\/09\/inny2..jpg 953w, https:\/\/www.karmeloswiecim.opw.pl\/wp-content\/uploads\/2020\/09\/inny2.-768x542.jpg 768w\" sizes=\"(max-width: 706px) 89vw, (max-width: 767px) 82vw, 740px\" \/><\/a><\/figure><\/li><li class=\"blocks-gallery-item\"><figure><a href=\"http:\/\/www.karmeloswiecim.opw.pl\/wp-content\/uploads\/2020\/09\/IMG_7473-1024x683.jpg\"><img loading=\"lazy\" width=\"1024\" height=\"683\" src=\"http:\/\/www.karmeloswiecim.opw.pl\/wp-content\/uploads\/2020\/09\/IMG_7473-1024x683.jpg\" alt=\"\" data-id=\"2219\" data-link=\"http:\/\/www.karmeloswiecim.opw.pl\/?attachment_id=2219\" class=\"wp-image-2219\" srcset=\"https:\/\/www.karmeloswiecim.opw.pl\/wp-content\/uploads\/2020\/09\/IMG_7473-1024x683.jpg 1024w, https:\/\/www.karmeloswiecim.opw.pl\/wp-content\/uploads\/2020\/09\/IMG_7473-300x200.jpg 300w, https:\/\/www.karmeloswiecim.opw.pl\/wp-content\/uploads\/2020\/09\/IMG_7473-768x512.jpg 768w, https:\/\/www.karmeloswiecim.opw.pl\/wp-content\/uploads\/2020\/09\/IMG_7473.jpg 1500w\" sizes=\"(max-width: 706px) 89vw, (max-width: 767px) 82vw, 740px\" \/><\/a><\/figure><\/li><\/ul>\n\n\n\n<p><\/p>\n","protected":false},"excerpt":{"rendered":"<p>&#8222;Zagaje i puszcze R\u0119kami mego Oblubie\u0144ca zasadzone, o \u0142\u0105ki pe\u0142ne zieleni, kwiatami ozdobione, Powiedzcie , czy przeszed\u0142 w\u015br\u00f3d was, w kt\u00f3r\u0105 stron\u0119? Rzucaj\u0105c wdzi\u0119k\u00f3w tysi\u0105ce przebiegn\u0105\u0142 szybko wskro\u015b boru cichego A jedno tylko spojrzenie i blask Jego postaci okry\u0142 je szat\u0105 pi\u0119kna czarownego?&#8221; \u015aw. Jan od Krzy\u017ca Pie\u015b\u0144 duchowa 4,5<\/p>\n","protected":false},"author":1,"featured_media":0,"parent":30,"menu_order":37,"comment_status":"closed","ping_status":"closed","template":"","meta":[],"_links":{"self":[{"href":"https:\/\/www.karmeloswiecim.opw.pl\/index.php?rest_route=\/wp\/v2\/pages\/129"}],"collection":[{"href":"https:\/\/www.karmeloswiecim.opw.pl\/index.php?rest_route=\/wp\/v2\/pages"}],"about":[{"href":"https:\/\/www.karmeloswiecim.opw.pl\/index.php?rest_route=\/wp\/v2\/types\/page"}],"author":[{"embeddable":true,"href":"https:\/\/www.karmeloswiecim.opw.pl\/index.php?rest_route=\/wp\/v2\/users\/1"}],"replies":[{"embeddable":true,"href":"https:\/\/www.karmeloswiecim.opw.pl\/index.php?rest_route=%2Fwp%2Fv2%2Fcomments&post=129"}],"version-history":[{"count":18,"href":"https:\/\/www.karmeloswiecim.opw.pl\/index.php?rest_route=\/wp\/v2\/pages\/129\/revisions"}],"predecessor-version":[{"id":2540,"href":"https:\/\/www.karmeloswiecim.opw.pl\/index.php?rest_route=\/wp\/v2\/pages\/129\/revisions\/2540"}],"up":[{"embeddable":true,"href":"https:\/\/www.karmeloswiecim.opw.pl\/index.php?rest_route=\/wp\/v2\/pages\/30"}],"wp:attachment":[{"href":"https:\/\/www.karmeloswiecim.opw.pl\/index.php?rest_route=%2Fwp%2Fv2%2Fmedia&parent=129"}],"curies":[{"name":"wp","href":"https:\/\/api.w.org\/{rel}","templated":true}]}}